eds digit of 349584?
5
What is the millions digit of 3882646?
3
What is the thousands digit of 4600?
4
What is the thousands digit of 115780?
5
What is the tens digit of 143552?
5
What is the tens digit of 144796?
9
What is the units digit of 395485?
5
What is the ten thousands digit of 3632313?
3
What is the tens digit of 1335584?
8
What is the tens digit of 699687?
8
What is the millions digit of 5067303?
5
What is the ten thousands digit of 546326?
4
What is the tens digit of 25829759?
5
What is the units digit of 105385?
5
What is the millions digit of 1567638?
1
What is the ten millions digit of 12091201?
1
What is the hundred thousands digit of 239335?
2
What is the hundred thousands digit of 17378156?
3
What is the thousands digit of 351328?
1
What is the ten thousands digit of 11254132?
5
What is the thousands digit of 81400?
1
What is the thousands digit of 284323?
4
What is the hundred thousands digit of 746988?
7
What is the hundreds digit of 488752?
7
What is the tens digit of 3852735?
3
What is the hundreds digit of 482460?
4
What is the tens digit of 514717?
1
What is the ten thousands digit of 683741?
8
What is the tens digit of 9346409?
0
What is the hundreds digit of 870332?
3
What is the units digit of 843567?
7
What is the units digit of 250085?
5
What is the hundred thousands digit of 496962?
4
What is the tens digit of 2627964?
6
What is the tens digit of 167019?
1
What is the units digit of 5493249?
9
What is the hundreds digit of 205318?
3
What is the ten thousands digit of 1702538?
0
What is the millions digit of 10708759?
0
What is the hundred thousands digit of 13044042?
0
What is the hundred thousands digit of 446048?
4
What is the millions digit of 1617680?
1
What is the millions digit of 13706478?
3
What is the hundred thousands digit of 655098?
6
What is the hundreds digit of 594146?
1
What is the units digit of 3514029?
9
What is the hundred thousands digit of 3186840?
1
What is the thousands digit of 1008121?
8
What is the tens digit of 1205021?
2
What is the thousands digit of 345377?
5
What is the thousands digit of 4614417?
4
What is the units digit of 1102758?
8
What is the hundreds digit of 715216?
2
What is the hundred thousands digit of 3341212?
3
What is the ten thousands digit of 2251817?
5
What is the units digit of 632789?
9
What is the thousands digit of 130861?
0
What is the millions digit of 16811796?
6
What is the hundred thousands digit of 1099731?
0
What is the units digit of 35616?
6
What is the thousands digit of 1054026?
4
What is the hundreds digit of 470154?
1
What is the millions digit of 3968814?
3
What is the millions digit of 1592425?
1
What is the ten thousands digit of 311700?
1
What is the hundreds digit of 2952652?
6
What is the thousands digit of 2935923?
5
What is the thousands digit of 106175?
6
What is the hundred thousands digit of 1587912?
5
What is the millions digit of 8794645?
8
What is the hundred thousands digit of 7063897?
0
What is the thousands digit of 7947197?
7
What is the tens digit of 140230?
3
What is the units digit of 20128122?
2
What is the tens digit of 755636?
3
What is the thousands digit of 1283844?
3
What is the hundred thousands digit of 7224114?
2
What is the hundreds digit of 406733?
7
What is the tens digit of 4840379?
7
What is the thousands digit of 198009?
8
What is the tens digit of 622936?
3
What is the millions digit of 1195130?
1
What is the units digit of 662492?
2
What is the hundred thousands digit of 205122?
2
What is the units digit of 5378058?
8
What is the hundred thousands digit of 386145?
3
What is the tens digit of 127944?
4
What is the millions digit of 5289346?
5
What is the thousands digit of 91681?
1
What is the units digit of 1713733?
3
What is the tens digit of 2043836?
3
What is the ten thousands digit of 3173065?
7
What is the millions digit of 21862266?
1
What is the thousands digit of 3097512?
7
What is the hundreds digit of 170521?
5
What is the tens digit of 2786964?
6
What is the ten thousands digit of 190610?
9
What is the ten thousands digit of 150657?
5
What is the thousands digit of 1391478?
1
What is the tens digit of 524112?
1
What is the ten thousands digit of 243568?
4
What is the hundred thousands digit of 458961?
4
What is the units digit of 9062989?
9
What is the units digit of 30306893?
3
What is the millions digit of 2262702?
2
What is the thousands digit of 9091788?
1
What is the units digit of 609247?
7
What is the ten thousands digit of 139102?
3
What is the hundred thousands digit of 771270?
7
What is the units digit of 1146268?
8
What is the thousands digit of 15620005?
0
What is the ten thousands digit of 98755?
9
What is the hundred thousands digit of 228776?
2
What is the units digit of 840407?
7
What is the units digit of 183620?
0
What is the ten thousands digit of 2032388?
3
What is the hundred thousands digit of 731682?
7
What is the hundreds digit of 6729?
7
What is the millions digit of 1085901?
1
What is the hundreds digit of 1134309?
3
What is the millions digit of 1043774?
1
What is the hundreds digit of 1238523?
5
What is the hundreds digit of 123744?
7
What is the hundreds digit of 141063?
0
What is the units digit of 3455585?
5
What is the hundreds digit of 7472832?
8
What is the hundred thousands digit of 1893893?
8
What is the ten thousands digit of 270187?
7
What is the thousands digit of 579353?
9
What is the thousands digit of 28582843?
2
What is the hundreds digit of 10395150?
1
What is the hundred thousands digit of 1613211?
6
What is the hundred thousands digit of 1990223?
9
What is the hundred thousands digit of 13964540?
9
What is the millions digit of 2126270?
2
What is the units digit of 113624?
4
What is the units digit of 103127?
7
What is the units digit of 80720?
0
What is the units digit of 12150?
0
What is the units digit of 141137?
7
What is the ten thousands digit of 909191?
0
What is the units digit of 897937?
7
What is the hundred thousands digit of 3937104?
9
What is the thousands digit of 6026988?
6
What is the hundreds digit of 388731?
7
What is the units digit of 252482?
2
What is the tens digit of 42147368?
6
What is the ten thousands digit of 531696?
3
What is the ten thousands digit of 451086?
5
What is the thousands digit of 5355268?
5
What is the millions digit of 19119420?
9
What is the units digit of 351771?
1
What is the tens digit of 11055?
5
What is the tens digit of 51509?
0
What is the hundred thousands digit of 845093?
8
What is the ten thousands digit of 1776650?
7
What is the ten thousands digit of 568636?
6
What is the tens digit of 113552?
5
What is the hundred thousands digit of 6966327?
9
What is the units digit of 2239546?
6
What is the thousands digit of 955839?
5
What is the hundreds digit of 797627?
6
What is the hundred thousands digit of 1815271?
8
What is the units digit of 4018432?
2
What is the hundreds digit of 73981?
9
What is the hundreds digit of 29920?
9
What is the thousands digit of 840209?
0
What is the tens digit of 2760209?
0
What is the hundreds digit of 232789?
7
What is the units digit of 3651477?
7
What is the units digit of 2985040?
0
What is the hundred thousands digit of 9176880?
1
What is the ten thousands digit of 600730?
0
What is the units digit of 187255?
5
What is the hundred thousands digit of 287632?
2
What is the units digit of 144032?
2
What is the tens digit of 859759?
5
What is the tens digit of 3161220?
2
What is the thousands digit of 10254794?
4
What is the hundred thousands digit of 184520?
1
What is the ten thousands digit of 365228?
6
What is the tens digit of 621901?
0
What is the tens digit of 1351936?
3
What is the hundreds digit of 1656169?
1
What is the hundreds digit of 16949317?
3
What is the units digit of 140234?
4
What is the hundreds digit of 423728?
7
What is the tens digit of 1271590?
9
What is the hundreds digit of 168835?
8
What is the thousands digit of 206657?
6
What is the units digit of 4831683?
3
What is the ten thousands digit of 3379591?
7
What is the hundred thousands digit of 815591?
8
What is the hundreds digit of 1073118?
1
What is the thousands digit of 896062?
6
What is the hundred thousands digit of 490816?
4
What is the hundreds digit of 2764529?
5
What is the units d